{"id":708,"date":"2022-08-22T10:54:47","date_gmt":"2022-08-22T10:54:47","guid":{"rendered":"https:\/\/xadrezasburgas.net\/?page_id=708"},"modified":"2022-09-29T23:22:32","modified_gmt":"2022-09-29T23:22:32","slug":"torneo-xadrez-activo-concello-de-carballino","status":"publish","type":"page","link":"https:\/\/xadrezasburgas.net\/index.php\/torneo-xadrez-activo-concello-de-carballino\/","title":{"rendered":"Torneo Xadrez Activo Concello de Carballi\u00f1o 18 de setembro"},"content":{"rendered":"\n<h2 class=\"wp-block-heading\"><strong>Domingo 18 de setembro 2022<\/strong><\/h2>\n\n\n\n<h2 class=\"wp-block-heading\">Casino Recreativo y Cultural de Carballi\u00f1o. Rua Tomas Mosquera, 6 a partir das 16 h&#8230;<\/h2>\n\n\n\n<p><strong>Gana Miguel Angel Pereiro con pleno de puntos do Xadrez Mar\u00edn que participaron neste torneo con varios representantes, fac\u00e9ndose con trofeo sub 14 Hector Entenza do mesmo club.<\/strong><\/p>\n\n\n\n<div class=\"wp-block-file\"><a href=\"https:\/\/xadrezasburgas.net\/wp-content\/uploads\/2022\/09\/Cronica-y-Cuadro-de-honor-1.pdf\">Cronica-y-Cuadro-de-honor-1<\/a><a href=\"https:\/\/xadrezasburgas.net\/wp-content\/uploads\/2022\/09\/Cronica-y-Cuadro-de-honor-1.pdf\" class=\"wp-block-file__button\" download>Descarga<\/a><\/div>\n\n\n\n<div class=\"wp-block-file\"><a href=\"https:\/\/xadrezasburgas.net\/wp-content\/uploads\/2022\/08\/Cartel-Concello-Carballino.pdf\">Cartel-Concello-Carballino<\/a><a href=\"https:\/\/xadrezasburgas.net\/wp-content\/uploads\/2022\/08\/Cartel-Concello-Carballino.pdf\" class=\"wp-block-file__button\" download>Descarga<\/a><\/div>\n\n\n\n<div class=\"wp-block-file\"><a href=\"https:\/\/xadrezasburgas.net\/wp-content\/uploads\/2022\/08\/Bases-Carballino-18-de-setembro-2022-.pdf\">Bases-Carballino-18-de-setembro-2022-<\/a><\/div>\n\n\n\n<figure class=\"wp-block-gallery columns-3 is-cropped wp-block-gallery-1 is-layout-flex wp-block-gallery-is-layout-flex\"><ul class=\"blocks-gallery-grid\"><li class=\"blocks-gallery-item\"><figure><img decoding=\"async\" loading=\"lazy\" width=\"1024\" height=\"768\" src=\"https:\/\/xadrezasburgas.net\/wp-content\/uploads\/2022\/09\/WhatsApp-Image-2022-09-18-at-23.01.33-1-1024x768.jpeg\" alt=\"\" data-id=\"749\" data-full-url=\"https:\/\/xadrezasburgas.net\/wp-content\/uploads\/2022\/09\/WhatsApp-Image-2022-09-18-at-23.01.33-1.jpeg\" data-link=\"https:\/\/xadrezasburgas.net\/index.php\/torneo-xadrez-activo-concello-de-carballino\/whatsapp-image-2022-09-18-at-23-01-33-1\/\" class=\"wp-image-749\" srcset=\"https:\/\/xadrezasburgas.net\/wp-content\/uploads\/2022\/09\/WhatsApp-Image-2022-09-18-at-23.01.33-1-1024x768.jpeg 1024w, https:\/\/xadrezasburgas.net\/wp-content\/uploads\/2022\/09\/WhatsApp-Image-2022-09-18-at-23.01.33-1-300x225.jpeg 300w, https:\/\/xadrezasburgas.net\/wp-content\/uploads\/2022\/09\/WhatsApp-Image-2022-09-18-at-23.01.33-1-768x576.jpeg 768w, https:\/\/xadrezasburgas.net\/wp-content\/uploads\/2022\/09\/WhatsApp-Image-2022-09-18-at-23.01.33-1-1536x1152.jpeg 1536w, https:\/\/xadrezasburgas.net\/wp-content\/uploads\/2022\/09\/WhatsApp-Image-2022-09-18-at-23.01.33-1.jpeg 1600w\" sizes=\"(max-width: 1024px) 100vw, 1024px\" \/><\/figure><\/li><li class=\"blocks-gallery-item\"><figure><img decoding=\"async\" loading=\"lazy\" width=\"1024\" height=\"768\" src=\"https:\/\/xadrezasburgas.net\/wp-content\/uploads\/2022\/09\/WhatsApp-Image-2022-09-18-at-23.01.33-1024x768.jpeg\" alt=\"\" data-id=\"750\" data-full-url=\"https:\/\/xadrezasburgas.net\/wp-content\/uploads\/2022\/09\/WhatsApp-Image-2022-09-18-at-23.01.33.jpeg\" data-link=\"https:\/\/xadrezasburgas.net\/index.php\/torneo-xadrez-activo-concello-de-carballino\/whatsapp-image-2022-09-18-at-23-01-33\/\" class=\"wp-image-750\" srcset=\"https:\/\/xadrezasburgas.net\/wp-content\/uploads\/2022\/09\/WhatsApp-Image-2022-09-18-at-23.01.33-1024x768.jpeg 1024w, https:\/\/xadrezasburgas.net\/wp-content\/uploads\/2022\/09\/WhatsApp-Image-2022-09-18-at-23.01.33-300x225.jpeg 300w, https:\/\/xadrezasburgas.net\/wp-content\/uploads\/2022\/09\/WhatsApp-Image-2022-09-18-at-23.01.33-768x576.jpeg 768w, https:\/\/xadrezasburgas.net\/wp-content\/uploads\/2022\/09\/WhatsApp-Image-2022-09-18-at-23.01.33-1536x1152.jpeg 1536w, https:\/\/xadrezasburgas.net\/wp-content\/uploads\/2022\/09\/WhatsApp-Image-2022-09-18-at-23.01.33.jpeg 1600w\" sizes=\"(max-width: 1024px) 100vw, 1024px\" \/><\/figure><\/li><li class=\"blocks-gallery-item\"><figure><img decoding=\"async\" loading=\"lazy\" width=\"768\" height=\"1024\" src=\"https:\/\/xadrezasburgas.net\/wp-content\/uploads\/2022\/09\/WhatsApp-Image-2022-09-18-at-23.01.34-768x1024.jpeg\" alt=\"\" data-id=\"751\" data-full-url=\"https:\/\/xadrezasburgas.net\/wp-content\/uploads\/2022\/09\/WhatsApp-Image-2022-09-18-at-23.01.34.jpeg\" data-link=\"https:\/\/xadrezasburgas.net\/index.php\/torneo-xadrez-activo-concello-de-carballino\/whatsapp-image-2022-09-18-at-23-01-34\/\" class=\"wp-image-751\" srcset=\"https:\/\/xadrezasburgas.net\/wp-content\/uploads\/2022\/09\/WhatsApp-Image-2022-09-18-at-23.01.34-768x1024.jpeg 768w, https:\/\/xadrezasburgas.net\/wp-content\/uploads\/2022\/09\/WhatsApp-Image-2022-09-18-at-23.01.34-225x300.jpeg 225w, https:\/\/xadrezasburgas.net\/wp-content\/uploads\/2022\/09\/WhatsApp-Image-2022-09-18-at-23.01.34-1152x1536.jpeg 1152w, https:\/\/xadrezasburgas.net\/wp-content\/uploads\/2022\/09\/WhatsApp-Image-2022-09-18-at-23.01.34.jpeg 1200w\" sizes=\"(max-width: 768px) 100vw, 768px\" \/><\/figure><\/li><li class=\"blocks-gallery-item\"><figure><img decoding=\"async\" loading=\"lazy\" width=\"1024\" height=\"768\" src=\"https:\/\/xadrezasburgas.net\/wp-content\/uploads\/2022\/09\/WhatsApp-Image-2022-09-18-at-23.01.35-1-1024x768.jpeg\" alt=\"\" data-id=\"752\" data-full-url=\"https:\/\/xadrezasburgas.net\/wp-content\/uploads\/2022\/09\/WhatsApp-Image-2022-09-18-at-23.01.35-1.jpeg\" data-link=\"https:\/\/xadrezasburgas.net\/index.php\/torneo-xadrez-activo-concello-de-carballino\/whatsapp-image-2022-09-18-at-23-01-35-1\/\" class=\"wp-image-752\" srcset=\"https:\/\/xadrezasburgas.net\/wp-content\/uploads\/2022\/09\/WhatsApp-Image-2022-09-18-at-23.01.35-1-1024x768.jpeg 1024w, https:\/\/xadrezasburgas.net\/wp-content\/uploads\/2022\/09\/WhatsApp-Image-2022-09-18-at-23.01.35-1-300x225.jpeg 300w, https:\/\/xadrezasburgas.net\/wp-content\/uploads\/2022\/09\/WhatsApp-Image-2022-09-18-at-23.01.35-1-768x576.jpeg 768w, https:\/\/xadrezasburgas.net\/wp-content\/uploads\/2022\/09\/WhatsApp-Image-2022-09-18-at-23.01.35-1-1536x1152.jpeg 1536w, https:\/\/xadrezasburgas.net\/wp-content\/uploads\/2022\/09\/WhatsApp-Image-2022-09-18-at-23.01.35-1.jpeg 1600w\" sizes=\"(max-width: 1024px) 100vw, 1024px\" \/><\/figure><\/li><li class=\"blocks-gallery-item\"><figure><img decoding=\"async\" loading=\"lazy\" width=\"1024\" height=\"768\" src=\"https:\/\/xadrezasburgas.net\/wp-content\/uploads\/2022\/09\/WhatsApp-Image-2022-09-18-at-23.01.35-1024x768.jpeg\" alt=\"\" data-id=\"754\" data-full-url=\"https:\/\/xadrezasburgas.net\/wp-content\/uploads\/2022\/09\/WhatsApp-Image-2022-09-18-at-23.01.35.jpeg\" data-link=\"https:\/\/xadrezasburgas.net\/index.php\/torneo-xadrez-activo-concello-de-carballino\/whatsapp-image-2022-09-18-at-23-01-35\/\" class=\"wp-image-754\" srcset=\"https:\/\/xadrezasburgas.net\/wp-content\/uploads\/2022\/09\/WhatsApp-Image-2022-09-18-at-23.01.35-1024x768.jpeg 1024w, https:\/\/xadrezasburgas.net\/wp-content\/uploads\/2022\/09\/WhatsApp-Image-2022-09-18-at-23.01.35-300x225.jpeg 300w, https:\/\/xadrezasburgas.net\/wp-content\/uploads\/2022\/09\/WhatsApp-Image-2022-09-18-at-23.01.35-768x576.jpeg 768w, https:\/\/xadrezasburgas.net\/wp-content\/uploads\/2022\/09\/WhatsApp-Image-2022-09-18-at-23.01.35-1536x1152.jpeg 1536w, https:\/\/xadrezasburgas.net\/wp-content\/uploads\/2022\/09\/WhatsApp-Image-2022-09-18-at-23.01.35.jpeg 1600w\" sizes=\"(max-width: 1024px) 100vw, 1024px\" \/><\/figure><\/li><li class=\"blocks-gallery-item\"><figure><img decoding=\"async\" loading=\"lazy\" width=\"768\" height=\"1024\" src=\"https:\/\/xadrezasburgas.net\/wp-content\/uploads\/2022\/09\/WhatsApp-Image-2022-09-18-at-23.01.36-1-768x1024.jpeg\" alt=\"\" data-id=\"755\" data-full-url=\"https:\/\/xadrezasburgas.net\/wp-content\/uploads\/2022\/09\/WhatsApp-Image-2022-09-18-at-23.01.36-1.jpeg\" data-link=\"https:\/\/xadrezasburgas.net\/index.php\/torneo-xadrez-activo-concello-de-carballino\/whatsapp-image-2022-09-18-at-23-01-36-1\/\" class=\"wp-image-755\" srcset=\"https:\/\/xadrezasburgas.net\/wp-content\/uploads\/2022\/09\/WhatsApp-Image-2022-09-18-at-23.01.36-1-768x1024.jpeg 768w, https:\/\/xadrezasburgas.net\/wp-content\/uploads\/2022\/09\/WhatsApp-Image-2022-09-18-at-23.01.36-1-225x300.jpeg 225w, https:\/\/xadrezasburgas.net\/wp-content\/uploads\/2022\/09\/WhatsApp-Image-2022-09-18-at-23.01.36-1-1152x1536.jpeg 1152w, https:\/\/xadrezasburgas.net\/wp-content\/uploads\/2022\/09\/WhatsApp-Image-2022-09-18-at-23.01.36-1.jpeg 1200w\" sizes=\"(max-width: 768px) 100vw, 768px\" \/><\/figure><\/li><li class=\"blocks-gallery-item\"><figure><img decoding=\"async\" loading=\"lazy\" width=\"768\" height=\"1024\" src=\"https:\/\/xadrezasburgas.net\/wp-content\/uploads\/2022\/09\/WhatsApp-Image-2022-09-18-at-23.01.36-2-768x1024.jpeg\" alt=\"\" data-id=\"756\" data-full-url=\"https:\/\/xadrezasburgas.net\/wp-content\/uploads\/2022\/09\/WhatsApp-Image-2022-09-18-at-23.01.36-2.jpeg\" data-link=\"https:\/\/xadrezasburgas.net\/index.php\/torneo-xadrez-activo-concello-de-carballino\/whatsapp-image-2022-09-18-at-23-01-36-2\/\" class=\"wp-image-756\" srcset=\"https:\/\/xadrezasburgas.net\/wp-content\/uploads\/2022\/09\/WhatsApp-Image-2022-09-18-at-23.01.36-2-768x1024.jpeg 768w, https:\/\/xadrezasburgas.net\/wp-content\/uploads\/2022\/09\/WhatsApp-Image-2022-09-18-at-23.01.36-2-225x300.jpeg 225w, https:\/\/xadrezasburgas.net\/wp-content\/uploads\/2022\/09\/WhatsApp-Image-2022-09-18-at-23.01.36-2-1152x1536.jpeg 1152w, https:\/\/xadrezasburgas.net\/wp-content\/uploads\/2022\/09\/WhatsApp-Image-2022-09-18-at-23.01.36-2.jpeg 1200w\" sizes=\"(max-width: 768px) 100vw, 768px\" \/><\/figure><\/li><li class=\"blocks-gallery-item\"><figure><img decoding=\"async\" loading=\"lazy\" width=\"768\" height=\"1024\" src=\"https:\/\/xadrezasburgas.net\/wp-content\/uploads\/2022\/09\/WhatsApp-Image-2022-09-18-at-23.01.36-768x1024.jpeg\" alt=\"\" data-id=\"757\" data-full-url=\"https:\/\/xadrezasburgas.net\/wp-content\/uploads\/2022\/09\/WhatsApp-Image-2022-09-18-at-23.01.36.jpeg\" data-link=\"https:\/\/xadrezasburgas.net\/index.php\/torneo-xadrez-activo-concello-de-carballino\/whatsapp-image-2022-09-18-at-23-01-36\/\" class=\"wp-image-757\" srcset=\"https:\/\/xadrezasburgas.net\/wp-content\/uploads\/2022\/09\/WhatsApp-Image-2022-09-18-at-23.01.36-768x1024.jpeg 768w, https:\/\/xadrezasburgas.net\/wp-content\/uploads\/2022\/09\/WhatsApp-Image-2022-09-18-at-23.01.36-225x300.jpeg 225w, https:\/\/xadrezasburgas.net\/wp-content\/uploads\/2022\/09\/WhatsApp-Image-2022-09-18-at-23.01.36-1152x1536.jpeg 1152w, https:\/\/xadrezasburgas.net\/wp-content\/uploads\/2022\/09\/WhatsApp-Image-2022-09-18-at-23.01.36.jpeg 1200w\" sizes=\"(max-width: 768px) 100vw, 768px\" \/><\/figure><\/li><li class=\"blocks-gallery-item\"><figure><img decoding=\"async\" loading=\"lazy\" width=\"768\" height=\"1024\" src=\"https:\/\/xadrezasburgas.net\/wp-content\/uploads\/2022\/09\/WhatsApp-Image-2022-09-18-at-23.01.37-1-768x1024.jpeg\" alt=\"\" data-id=\"758\" data-full-url=\"https:\/\/xadrezasburgas.net\/wp-content\/uploads\/2022\/09\/WhatsApp-Image-2022-09-18-at-23.01.37-1.jpeg\" data-link=\"https:\/\/xadrezasburgas.net\/index.php\/torneo-xadrez-activo-concello-de-carballino\/whatsapp-image-2022-09-18-at-23-01-37-1\/\" class=\"wp-image-758\" srcset=\"https:\/\/xadrezasburgas.net\/wp-content\/uploads\/2022\/09\/WhatsApp-Image-2022-09-18-at-23.01.37-1-768x1024.jpeg 768w, https:\/\/xadrezasburgas.net\/wp-content\/uploads\/2022\/09\/WhatsApp-Image-2022-09-18-at-23.01.37-1-225x300.jpeg 225w, https:\/\/xadrezasburgas.net\/wp-content\/uploads\/2022\/09\/WhatsApp-Image-2022-09-18-at-23.01.37-1-1152x1536.jpeg 1152w, https:\/\/xadrezasburgas.net\/wp-content\/uploads\/2022\/09\/WhatsApp-Image-2022-09-18-at-23.01.37-1.jpeg 1200w\" sizes=\"(max-width: 768px) 100vw, 768px\" \/><\/figure><\/li><li class=\"blocks-gallery-item\"><figure><img decoding=\"async\" loading=\"lazy\" width=\"768\" height=\"1024\" src=\"https:\/\/xadrezasburgas.net\/wp-content\/uploads\/2022\/09\/WhatsApp-Image-2022-09-18-at-23.01.37-2-768x1024.jpeg\" alt=\"\" data-id=\"759\" data-full-url=\"https:\/\/xadrezasburgas.net\/wp-content\/uploads\/2022\/09\/WhatsApp-Image-2022-09-18-at-23.01.37-2.jpeg\" data-link=\"https:\/\/xadrezasburgas.net\/index.php\/torneo-xadrez-activo-concello-de-carballino\/whatsapp-image-2022-09-18-at-23-01-37-2\/\" class=\"wp-image-759\" srcset=\"https:\/\/xadrezasburgas.net\/wp-content\/uploads\/2022\/09\/WhatsApp-Image-2022-09-18-at-23.01.37-2-768x1024.jpeg 768w, https:\/\/xadrezasburgas.net\/wp-content\/uploads\/2022\/09\/WhatsApp-Image-2022-09-18-at-23.01.37-2-225x300.jpeg 225w, https:\/\/xadrezasburgas.net\/wp-content\/uploads\/2022\/09\/WhatsApp-Image-2022-09-18-at-23.01.37-2-1152x1536.jpeg 1152w, https:\/\/xadrezasburgas.net\/wp-content\/uploads\/2022\/09\/WhatsApp-Image-2022-09-18-at-23.01.37-2.jpeg 1200w\" sizes=\"(max-width: 768px) 100vw, 768px\" \/><\/figure><\/li><\/ul><\/figure>\n","protected":false},"excerpt":{"rendered":"<p>Domingo 18 de setembro 2022 Casino Recreativo y Cultural de Carballi\u00f1o. Rua Tomas Mosquera, 6 a partir das 16 h&#8230; Gana Miguel Angel Pereiro con pleno de puntos do Xadrez Mar\u00edn que participaron neste torneo con varios representantes, fac\u00e9ndose con trofeo sub 14 Hector Entenza do mesmo club.<\/p>\n","protected":false},"author":1,"featured_media":0,"parent":0,"menu_order":0,"comment_status":"closed","ping_status":"closed","template":"","meta":{"footnotes":""},"_links":{"self":[{"href":"https:\/\/xadrezasburgas.net\/index.php\/wp-json\/wp\/v2\/pages\/708"}],"collection":[{"href":"https:\/\/xadrezasburgas.net\/index.php\/wp-json\/wp\/v2\/pages"}],"about":[{"href":"https:\/\/xadrezasburgas.net\/index.php\/wp-json\/wp\/v2\/types\/page"}],"author":[{"embeddable":true,"href":"https:\/\/xadrezasburgas.net\/index.php\/wp-json\/wp\/v2\/users\/1"}],"replies":[{"embeddable":true,"href":"https:\/\/xadrezasburgas.net\/index.php\/wp-json\/wp\/v2\/comments?post=708"}],"version-history":[{"count":6,"href":"https:\/\/xadrezasburgas.net\/index.php\/wp-json\/wp\/v2\/pages\/708\/revisions"}],"predecessor-version":[{"id":807,"href":"https:\/\/xadrezasburgas.net\/index.php\/wp-json\/wp\/v2\/pages\/708\/revisions\/807"}],"wp:attachment":[{"href":"https:\/\/xadrezasburgas.net\/index.php\/wp-json\/wp\/v2\/media?parent=708"}],"curies":[{"name":"wp","href":"https:\/\/api.w.org\/{rel}","templated":true}]}}