{"id":2190,"date":"2025-05-29T17:36:05","date_gmt":"2025-05-29T17:36:05","guid":{"rendered":"https:\/\/xadrezasburgas.net\/?page_id=2190"},"modified":"2025-06-29T18:20:25","modified_gmt":"2025-06-29T18:20:25","slug":"torneo-xaque-o-emerito","status":"publish","type":"page","link":"https:\/\/xadrezasburgas.net\/index.php\/torneo-xaque-o-emerito\/","title":{"rendered":"Torneo Xaque \u00f3 Emerito"},"content":{"rendered":"\n<p><strong>S\u00e1bado 28 xu\u00f1o a partir das 15 h 30 Casa da Cultura de Xinzo de Limia<\/strong><\/p>\n\n\n\n<p><em>Xinzo vivi\u00f3 una gran tarde de ajedrez inclusivo: Luis Medarde y Trist\u00e1n Alonso se proclamaron campeones invictos en el Xaque ao Em\u00e9rito, con participaci\u00f3n r\u00e9cord y ambiente inmejorable.<\/em><\/p>\n\n\n\n<p><a href=\"https:\/\/info64.org\/xaque-o-emerito-2025\">https:\/\/info64.org\/xaque-o-emerito-2025<\/a><\/p>\n\n\n\n<div class=\"wp-block-file\"><object class=\"wp-block-file__embed\" data=\"https:\/\/xadrezasburgas.net\/wp-content\/uploads\/2025\/06\/Cadro-de-HonraXaque-ao-Emrito-2025.pdf\" type=\"application\/pdf\" style=\"width:100%;height:200px\" aria-label=\"Incrustado de Cadro-de-HonraXaque-ao-Emrito-2025.\"><\/object><a id=\"wp-block-file--media-36806d90-2740-47bf-b54a-33df4421d88c\" href=\"https:\/\/xadrezasburgas.net\/wp-content\/uploads\/2025\/06\/Cadro-de-HonraXaque-ao-Emrito-2025.pdf\">Cadro-de-HonraXaque-ao-Emrito-2025<\/a><a href=\"https:\/\/xadrezasburgas.net\/wp-content\/uploads\/2025\/06\/Cadro-de-HonraXaque-ao-Emrito-2025.pdf\" class=\"wp-block-file__button wp-element-button\" download aria-describedby=\"wp-block-file--media-36806d90-2740-47bf-b54a-33df4421d88c\">Descarga<\/a><\/div>\n\n\n\n<figure class=\"wp-block-gallery has-nested-images columns-default is-cropped wp-block-gallery-1 is-layout-flex wp-block-gallery-is-layout-flex\">\n<figure class=\"wp-block-image size-large\"><img decoding=\"async\" loading=\"lazy\" width=\"314\" height=\"842\" data-id=\"2248\" src=\"https:\/\/xadrezasburgas.net\/wp-content\/uploads\/2025\/06\/Ganador-Absoluto.jpeg\" alt=\"\" class=\"wp-image-2248\" srcset=\"https:\/\/xadrezasburgas.net\/wp-content\/uploads\/2025\/06\/Ganador-Absoluto.jpeg 314w, https:\/\/xadrezasburgas.net\/wp-content\/uploads\/2025\/06\/Ganador-Absoluto-112x300.jpeg 112w\" sizes=\"(max-width: 314px) 100vw, 314px\" \/><\/figure>\n\n\n\n<figure class=\"wp-block-image size-large\"><img decoding=\"async\" loading=\"lazy\" width=\"771\" height=\"1024\" data-id=\"2249\" src=\"https:\/\/xadrezasburgas.net\/wp-content\/uploads\/2025\/06\/Ganador-Sub-18-771x1024.jpeg\" alt=\"\" class=\"wp-image-2249\" srcset=\"https:\/\/xadrezasburgas.net\/wp-content\/uploads\/2025\/06\/Ganador-Sub-18-771x1024.jpeg 771w, https:\/\/xadrezasburgas.net\/wp-content\/uploads\/2025\/06\/Ganador-Sub-18-226x300.jpeg 226w, https:\/\/xadrezasburgas.net\/wp-content\/uploads\/2025\/06\/Ganador-Sub-18-768x1021.jpeg 768w, https:\/\/xadrezasburgas.net\/wp-content\/uploads\/2025\/06\/Ganador-Sub-18-1156x1536.jpeg 1156w, https:\/\/xadrezasburgas.net\/wp-content\/uploads\/2025\/06\/Ganador-Sub-18.jpeg 1204w\" sizes=\"(max-width: 771px) 100vw, 771px\" \/><\/figure>\n\n\n\n<figure class=\"wp-block-image size-large\"><img decoding=\"async\" loading=\"lazy\" width=\"1024\" height=\"771\" data-id=\"2252\" src=\"https:\/\/xadrezasburgas.net\/wp-content\/uploads\/2025\/06\/Ganadores-Absoluto-1024x771.jpeg\" alt=\"\" class=\"wp-image-2252\" srcset=\"https:\/\/xadrezasburgas.net\/wp-content\/uploads\/2025\/06\/Ganadores-Absoluto-1024x771.jpeg 1024w, https:\/\/xadrezasburgas.net\/wp-content\/uploads\/2025\/06\/Ganadores-Absoluto-300x226.jpeg 300w, https:\/\/xadrezasburgas.net\/wp-content\/uploads\/2025\/06\/Ganadores-Absoluto-768x578.jpeg 768w, https:\/\/xadrezasburgas.net\/wp-content\/uploads\/2025\/06\/Ganadores-Absoluto-1536x1156.jpeg 1536w, https:\/\/xadrezasburgas.net\/wp-content\/uploads\/2025\/06\/Ganadores-Absoluto.jpeg 1600w\" sizes=\"(max-width: 1024px) 100vw, 1024px\" \/><\/figure>\n\n\n\n<figure class=\"wp-block-image size-large\"><img decoding=\"async\" loading=\"lazy\" width=\"1024\" height=\"771\" data-id=\"2251\" src=\"https:\/\/xadrezasburgas.net\/wp-content\/uploads\/2025\/06\/Ganadores-Juntos-1024x771.jpeg\" alt=\"\" class=\"wp-image-2251\" srcset=\"https:\/\/xadrezasburgas.net\/wp-content\/uploads\/2025\/06\/Ganadores-Juntos-1024x771.jpeg 1024w, https:\/\/xadrezasburgas.net\/wp-content\/uploads\/2025\/06\/Ganadores-Juntos-300x226.jpeg 300w, https:\/\/xadrezasburgas.net\/wp-content\/uploads\/2025\/06\/Ganadores-Juntos-768x578.jpeg 768w, https:\/\/xadrezasburgas.net\/wp-content\/uploads\/2025\/06\/Ganadores-Juntos-1536x1156.jpeg 1536w, https:\/\/xadrezasburgas.net\/wp-content\/uploads\/2025\/06\/Ganadores-Juntos.jpeg 1600w\" sizes=\"(max-width: 1024px) 100vw, 1024px\" \/><\/figure>\n\n\n\n<figure class=\"wp-block-image size-large\"><img decoding=\"async\" loading=\"lazy\" width=\"1024\" height=\"771\" data-id=\"2253\" src=\"https:\/\/xadrezasburgas.net\/wp-content\/uploads\/2025\/06\/Ganadores-Sub-18-1024x771.jpeg\" alt=\"\" class=\"wp-image-2253\" srcset=\"https:\/\/xadrezasburgas.net\/wp-content\/uploads\/2025\/06\/Ganadores-Sub-18-1024x771.jpeg 1024w, https:\/\/xadrezasburgas.net\/wp-content\/uploads\/2025\/06\/Ganadores-Sub-18-300x226.jpeg 300w, https:\/\/xadrezasburgas.net\/wp-content\/uploads\/2025\/06\/Ganadores-Sub-18-768x578.jpeg 768w, https:\/\/xadrezasburgas.net\/wp-content\/uploads\/2025\/06\/Ganadores-Sub-18-1536x1156.jpeg 1536w, https:\/\/xadrezasburgas.net\/wp-content\/uploads\/2025\/06\/Ganadores-Sub-18.jpeg 1600w\" sizes=\"(max-width: 1024px) 100vw, 1024px\" \/><\/figure>\n\n\n\n<figure class=\"wp-block-image size-large\"><img decoding=\"async\" loading=\"lazy\" width=\"771\" height=\"1024\" data-id=\"2254\" src=\"https:\/\/xadrezasburgas.net\/wp-content\/uploads\/2025\/06\/WhatsApp-Image-2025-06-29-at-20.11.04-1-771x1024.jpeg\" alt=\"\" class=\"wp-image-2254\" srcset=\"https:\/\/xadrezasburgas.net\/wp-content\/uploads\/2025\/06\/WhatsApp-Image-2025-06-29-at-20.11.04-1-771x1024.jpeg 771w, https:\/\/xadrezasburgas.net\/wp-content\/uploads\/2025\/06\/WhatsApp-Image-2025-06-29-at-20.11.04-1-226x300.jpeg 226w, https:\/\/xadrezasburgas.net\/wp-content\/uploads\/2025\/06\/WhatsApp-Image-2025-06-29-at-20.11.04-1-768x1021.jpeg 768w, https:\/\/xadrezasburgas.net\/wp-content\/uploads\/2025\/06\/WhatsApp-Image-2025-06-29-at-20.11.04-1-1156x1536.jpeg 1156w, https:\/\/xadrezasburgas.net\/wp-content\/uploads\/2025\/06\/WhatsApp-Image-2025-06-29-at-20.11.04-1.jpeg 1204w\" sizes=\"(max-width: 771px) 100vw, 771px\" \/><\/figure>\n\n\n\n<figure class=\"wp-block-image size-large\"><img decoding=\"async\" loading=\"lazy\" width=\"771\" height=\"1024\" data-id=\"2255\" src=\"https:\/\/xadrezasburgas.net\/wp-content\/uploads\/2025\/06\/WhatsApp-Image-2025-06-29-at-20.11.04-771x1024.jpeg\" alt=\"\" class=\"wp-image-2255\" srcset=\"https:\/\/xadrezasburgas.net\/wp-content\/uploads\/2025\/06\/WhatsApp-Image-2025-06-29-at-20.11.04-771x1024.jpeg 771w, https:\/\/xadrezasburgas.net\/wp-content\/uploads\/2025\/06\/WhatsApp-Image-2025-06-29-at-20.11.04-226x300.jpeg 226w, https:\/\/xadrezasburgas.net\/wp-content\/uploads\/2025\/06\/WhatsApp-Image-2025-06-29-at-20.11.04-768x1021.jpeg 768w, https:\/\/xadrezasburgas.net\/wp-content\/uploads\/2025\/06\/WhatsApp-Image-2025-06-29-at-20.11.04-1156x1536.jpeg 1156w, https:\/\/xadrezasburgas.net\/wp-content\/uploads\/2025\/06\/WhatsApp-Image-2025-06-29-at-20.11.04.jpeg 1204w\" sizes=\"(max-width: 771px) 100vw, 771px\" \/><\/figure>\n\n\n\n<figure class=\"wp-block-image size-large\"><img decoding=\"async\" loading=\"lazy\" width=\"1024\" height=\"771\" data-id=\"2250\" src=\"https:\/\/xadrezasburgas.net\/wp-content\/uploads\/2025\/06\/WhatsApp-Image-2025-06-29-at-20.11.05-1024x771.jpeg\" alt=\"\" class=\"wp-image-2250\" srcset=\"https:\/\/xadrezasburgas.net\/wp-content\/uploads\/2025\/06\/WhatsApp-Image-2025-06-29-at-20.11.05-1024x771.jpeg 1024w, https:\/\/xadrezasburgas.net\/wp-content\/uploads\/2025\/06\/WhatsApp-Image-2025-06-29-at-20.11.05-300x226.jpeg 300w, https:\/\/xadrezasburgas.net\/wp-content\/uploads\/2025\/06\/WhatsApp-Image-2025-06-29-at-20.11.05-768x578.jpeg 768w, https:\/\/xadrezasburgas.net\/wp-content\/uploads\/2025\/06\/WhatsApp-Image-2025-06-29-at-20.11.05-1536x1156.jpeg 1536w, https:\/\/xadrezasburgas.net\/wp-content\/uploads\/2025\/06\/WhatsApp-Image-2025-06-29-at-20.11.05.jpeg 1600w\" sizes=\"(max-width: 1024px) 100vw, 1024px\" \/><\/figure>\n<\/figure>\n\n\n\n<div class=\"wp-block-file\"><a id=\"wp-block-file--media-28e21448-f1ab-4da6-9634-867a84167c72\" href=\"https:\/\/xadrezasburgas.net\/wp-content\/uploads\/2025\/05\/Torneo-Xaque-ao-Emerito-BASES.pdf\">Torneo-Xaque-ao-Emerito-BASES<\/a><a href=\"https:\/\/xadrezasburgas.net\/wp-content\/uploads\/2025\/05\/Torneo-Xaque-ao-Emerito-BASES.pdf\" class=\"wp-block-file__button wp-element-button\" download aria-describedby=\"wp-block-file--media-28e21448-f1ab-4da6-9634-867a84167c72\">Descarga<\/a><\/div>\n\n\n\n<figure class=\"wp-block-image size-thumbnail\"><img decoding=\"async\" loading=\"lazy\" width=\"150\" height=\"150\" src=\"https:\/\/xadrezasburgas.net\/wp-content\/uploads\/2025\/05\/IMG-20250526-WA0003-1-150x150.jpg\" alt=\"\" class=\"wp-image-2193\"\/><\/figure>\n","protected":false},"excerpt":{"rendered":"<p>S\u00e1bado 28 xu\u00f1o a partir das 15 h 30 Casa da Cultura de Xinzo de Limia Xinzo vivi\u00f3 una gran tarde de ajedrez inclusivo: Luis Medarde y Trist\u00e1n Alonso se proclamaron campeones invictos en el Xaque ao Em\u00e9rito, con participaci\u00f3n r\u00e9cord y ambiente inmejorable. https:\/\/info64.org\/xaque-o-emerito-2025<\/p>\n","protected":false},"author":1,"featured_media":0,"parent":0,"menu_order":0,"comment_status":"closed","ping_status":"closed","template":"","meta":{"footnotes":""},"_links":{"self":[{"href":"https:\/\/xadrezasburgas.net\/index.php\/wp-json\/wp\/v2\/pages\/2190"}],"collection":[{"href":"https:\/\/xadrezasburgas.net\/index.php\/wp-json\/wp\/v2\/pages"}],"about":[{"href":"https:\/\/xadrezasburgas.net\/index.php\/wp-json\/wp\/v2\/types\/page"}],"author":[{"embeddable":true,"href":"https:\/\/xadrezasburgas.net\/index.php\/wp-json\/wp\/v2\/users\/1"}],"replies":[{"embeddable":true,"href":"https:\/\/xadrezasburgas.net\/index.php\/wp-json\/wp\/v2\/comments?post=2190"}],"version-history":[{"count":4,"href":"https:\/\/xadrezasburgas.net\/index.php\/wp-json\/wp\/v2\/pages\/2190\/revisions"}],"predecessor-version":[{"id":2258,"href":"https:\/\/xadrezasburgas.net\/index.php\/wp-json\/wp\/v2\/pages\/2190\/revisions\/2258"}],"wp:attachment":[{"href":"https:\/\/xadrezasburgas.net\/index.php\/wp-json\/wp\/v2\/media?parent=2190"}],"curies":[{"name":"wp","href":"https:\/\/api.w.org\/{rel}","templated":true}]}}