{"id":1134,"date":"2023-06-06T22:29:32","date_gmt":"2023-06-06T22:29:32","guid":{"rendered":"https:\/\/xadrezasburgas.net\/?page_id=1134"},"modified":"2023-06-17T23:16:35","modified_gmt":"2023-06-17T23:16:35","slug":"torneo-de-xadrez-activo-pontinas-lalin-17-de-xuno","status":"publish","type":"page","link":"https:\/\/xadrezasburgas.net\/index.php\/torneo-de-xadrez-activo-pontinas-lalin-17-de-xuno\/","title":{"rendered":"Torneo de Xadrez Activo Ponti\u00f1as Lal\u00edn, 17 de xu\u00f1o"},"content":{"rendered":"\n<div class=\"wp-block-file\"><a href=\"https:\/\/xadrezasburgas.net\/wp-content\/uploads\/2023\/06\/Bases-C.C.Pontinas-17-de-xuno-2023.pdf\">Bases-C.C.Pontinas-17-de-xuno-2023<\/a><a href=\"https:\/\/xadrezasburgas.net\/wp-content\/uploads\/2023\/06\/Bases-C.C.Pontinas-17-de-xuno-2023.pdf\" class=\"wp-block-file__button\" download>Descarga<\/a><\/div>\n\n\n\n<p class=\"has-vivid-cyan-blue-color has-text-color has-large-font-size\">S\u00e1bado 17 de junio, a partir de las 16 h. &#8230; en el Centro Comercial Pon<strong>ti\u00f1as<\/strong><\/p>\n\n\n\n<p class=\"has-vivid-cyan-blue-color has-text-color has-medium-font-size\"><strong>Gana el Jugador del Universitario de Ourense, Rodrigo Arias, el m\u00e1s joven de los absolutos, seguido de Jairo Villar del Celanova y de Rafael S\u00e1nchez de Leon del Ateneo, quien se lleva el Trofeo de Veteranos.<\/strong><\/p>\n\n\n\n<div class=\"wp-block-file\"><object class=\"wp-block-file__embed\" data=\"https:\/\/xadrezasburgas.net\/wp-content\/uploads\/2023\/06\/Cadro-Honra-Pontnas.1.pdf\" type=\"application\/pdf\" style=\"width:100%;height:200px\" aria-label=\"Incrustado de Incrustado de Cadro-Honra-Pontnas.1..\"><\/object><a href=\"https:\/\/xadrezasburgas.net\/wp-content\/uploads\/2023\/06\/Cadro-Honra-Pontnas.1.pdf\">Cadro-Honra-Pontnas.1<\/a><a href=\"https:\/\/xadrezasburgas.net\/wp-content\/uploads\/2023\/06\/Cadro-Honra-Pontnas.1.pdf\" class=\"wp-block-file__button\" download>Descarga<\/a><\/div>\n\n\n\n<figure class=\"wp-block-gallery columns-3 is-cropped wp-block-gallery-1 is-layout-flex wp-block-gallery-is-layout-flex\"><ul class=\"blocks-gallery-grid\"><li class=\"blocks-gallery-item\"><figure><img decoding=\"async\" loading=\"lazy\" width=\"1024\" height=\"771\" src=\"https:\/\/xadrezasburgas.net\/wp-content\/uploads\/2023\/06\/7583b2df-3d7a-4442-92e7-1a487a9bcee6-3-1024x771.jpg\" alt=\"\" data-id=\"1194\" data-full-url=\"https:\/\/xadrezasburgas.net\/wp-content\/uploads\/2023\/06\/7583b2df-3d7a-4442-92e7-1a487a9bcee6-3.jpg\" data-link=\"https:\/\/xadrezasburgas.net\/index.php\/torneo-de-xadrez-activo-pontinas-lalin-17-de-xuno\/7583b2df-3d7a-4442-92e7-1a487a9bcee6-3\/\" class=\"wp-image-1194\" srcset=\"https:\/\/xadrezasburgas.net\/wp-content\/uploads\/2023\/06\/7583b2df-3d7a-4442-92e7-1a487a9bcee6-3-1024x771.jpg 1024w, https:\/\/xadrezasburgas.net\/wp-content\/uploads\/2023\/06\/7583b2df-3d7a-4442-92e7-1a487a9bcee6-3-300x226.jpg 300w, https:\/\/xadrezasburgas.net\/wp-content\/uploads\/2023\/06\/7583b2df-3d7a-4442-92e7-1a487a9bcee6-3-768x578.jpg 768w, https:\/\/xadrezasburgas.net\/wp-content\/uploads\/2023\/06\/7583b2df-3d7a-4442-92e7-1a487a9bcee6-3-1536x1157.jpg 1536w, https:\/\/xadrezasburgas.net\/wp-content\/uploads\/2023\/06\/7583b2df-3d7a-4442-92e7-1a487a9bcee6-3.jpg 2040w\" sizes=\"(max-width: 1024px) 100vw, 1024px\" \/><\/figure><\/li><li class=\"blocks-gallery-item\"><figure><img decoding=\"async\" loading=\"lazy\" width=\"1024\" height=\"771\" src=\"https:\/\/xadrezasburgas.net\/wp-content\/uploads\/2023\/06\/Ganadores-ASB-2-1024x771.jpg\" alt=\"\" data-id=\"1195\" data-full-url=\"https:\/\/xadrezasburgas.net\/wp-content\/uploads\/2023\/06\/Ganadores-ASB-2.jpg\" data-link=\"https:\/\/xadrezasburgas.net\/index.php\/torneo-de-xadrez-activo-pontinas-lalin-17-de-xuno\/ganadores-asb-2\/\" class=\"wp-image-1195\" srcset=\"https:\/\/xadrezasburgas.net\/wp-content\/uploads\/2023\/06\/Ganadores-ASB-2-1024x771.jpg 1024w, https:\/\/xadrezasburgas.net\/wp-content\/uploads\/2023\/06\/Ganadores-ASB-2-300x226.jpg 300w, https:\/\/xadrezasburgas.net\/wp-content\/uploads\/2023\/06\/Ganadores-ASB-2-768x578.jpg 768w, https:\/\/xadrezasburgas.net\/wp-content\/uploads\/2023\/06\/Ganadores-ASB-2-1536x1157.jpg 1536w, https:\/\/xadrezasburgas.net\/wp-content\/uploads\/2023\/06\/Ganadores-ASB-2.jpg 2040w\" sizes=\"(max-width: 1024px) 100vw, 1024px\" \/><\/figure><\/li><li class=\"blocks-gallery-item\"><figure><img decoding=\"async\" loading=\"lazy\" width=\"771\" height=\"1024\" src=\"https:\/\/xadrezasburgas.net\/wp-content\/uploads\/2023\/06\/Sub-08-2-771x1024.jpg\" alt=\"\" data-id=\"1196\" data-full-url=\"https:\/\/xadrezasburgas.net\/wp-content\/uploads\/2023\/06\/Sub-08-2.jpg\" data-link=\"https:\/\/xadrezasburgas.net\/index.php\/torneo-de-xadrez-activo-pontinas-lalin-17-de-xuno\/sub-08-2-2\/\" class=\"wp-image-1196\" srcset=\"https:\/\/xadrezasburgas.net\/wp-content\/uploads\/2023\/06\/Sub-08-2-771x1024.jpg 771w, https:\/\/xadrezasburgas.net\/wp-content\/uploads\/2023\/06\/Sub-08-2-226x300.jpg 226w, https:\/\/xadrezasburgas.net\/wp-content\/uploads\/2023\/06\/Sub-08-2-768x1020.jpg 768w, https:\/\/xadrezasburgas.net\/wp-content\/uploads\/2023\/06\/Sub-08-2-1157x1536.jpg 1157w, https:\/\/xadrezasburgas.net\/wp-content\/uploads\/2023\/06\/Sub-08-2.jpg 1536w\" sizes=\"(max-width: 771px) 100vw, 771px\" \/><\/figure><\/li><li class=\"blocks-gallery-item\"><figure><img decoding=\"async\" loading=\"lazy\" width=\"771\" height=\"1024\" src=\"https:\/\/xadrezasburgas.net\/wp-content\/uploads\/2023\/06\/Sub-10-2-771x1024.jpg\" alt=\"\" data-id=\"1197\" data-full-url=\"https:\/\/xadrezasburgas.net\/wp-content\/uploads\/2023\/06\/Sub-10-2.jpg\" data-link=\"https:\/\/xadrezasburgas.net\/index.php\/torneo-de-xadrez-activo-pontinas-lalin-17-de-xuno\/sub-10-2-2\/\" class=\"wp-image-1197\" srcset=\"https:\/\/xadrezasburgas.net\/wp-content\/uploads\/2023\/06\/Sub-10-2-771x1024.jpg 771w, https:\/\/xadrezasburgas.net\/wp-content\/uploads\/2023\/06\/Sub-10-2-226x300.jpg 226w, https:\/\/xadrezasburgas.net\/wp-content\/uploads\/2023\/06\/Sub-10-2-768x1020.jpg 768w, https:\/\/xadrezasburgas.net\/wp-content\/uploads\/2023\/06\/Sub-10-2-1157x1536.jpg 1157w, https:\/\/xadrezasburgas.net\/wp-content\/uploads\/2023\/06\/Sub-10-2.jpg 1536w\" sizes=\"(max-width: 771px) 100vw, 771px\" \/><\/figure><\/li><li class=\"blocks-gallery-item\"><figure><img decoding=\"async\" loading=\"lazy\" width=\"771\" height=\"1024\" src=\"https:\/\/xadrezasburgas.net\/wp-content\/uploads\/2023\/06\/Sub-12-1-771x1024.jpg\" alt=\"\" data-id=\"1198\" data-full-url=\"https:\/\/xadrezasburgas.net\/wp-content\/uploads\/2023\/06\/Sub-12-1.jpg\" data-link=\"https:\/\/xadrezasburgas.net\/index.php\/torneo-de-xadrez-activo-pontinas-lalin-17-de-xuno\/sub-12-1\/\" class=\"wp-image-1198\" srcset=\"https:\/\/xadrezasburgas.net\/wp-content\/uploads\/2023\/06\/Sub-12-1-771x1024.jpg 771w, https:\/\/xadrezasburgas.net\/wp-content\/uploads\/2023\/06\/Sub-12-1-226x300.jpg 226w, https:\/\/xadrezasburgas.net\/wp-content\/uploads\/2023\/06\/Sub-12-1-768x1020.jpg 768w, https:\/\/xadrezasburgas.net\/wp-content\/uploads\/2023\/06\/Sub-12-1-1157x1536.jpg 1157w, https:\/\/xadrezasburgas.net\/wp-content\/uploads\/2023\/06\/Sub-12-1.jpg 1536w\" sizes=\"(max-width: 771px) 100vw, 771px\" \/><\/figure><\/li><li class=\"blocks-gallery-item\"><figure><img decoding=\"async\" loading=\"lazy\" width=\"771\" height=\"1024\" src=\"https:\/\/xadrezasburgas.net\/wp-content\/uploads\/2023\/06\/SUb-16-1-771x1024.jpg\" alt=\"\" data-id=\"1199\" data-full-url=\"https:\/\/xadrezasburgas.net\/wp-content\/uploads\/2023\/06\/SUb-16-1.jpg\" data-link=\"https:\/\/xadrezasburgas.net\/index.php\/torneo-de-xadrez-activo-pontinas-lalin-17-de-xuno\/sub-16-1\/\" class=\"wp-image-1199\" srcset=\"https:\/\/xadrezasburgas.net\/wp-content\/uploads\/2023\/06\/SUb-16-1-771x1024.jpg 771w, https:\/\/xadrezasburgas.net\/wp-content\/uploads\/2023\/06\/SUb-16-1-226x300.jpg 226w, https:\/\/xadrezasburgas.net\/wp-content\/uploads\/2023\/06\/SUb-16-1-768x1020.jpg 768w, https:\/\/xadrezasburgas.net\/wp-content\/uploads\/2023\/06\/SUb-16-1-1157x1536.jpg 1157w, https:\/\/xadrezasburgas.net\/wp-content\/uploads\/2023\/06\/SUb-16-1.jpg 1536w\" sizes=\"(max-width: 771px) 100vw, 771px\" \/><\/figure><\/li><\/ul><\/figure>\n\n\n\n<figure class=\"wp-block-gallery columns-3 is-cropped wp-block-gallery-3 is-layout-flex wp-block-gallery-is-layout-flex\"><ul class=\"blocks-gallery-grid\"><li class=\"blocks-gallery-item\"><figure><img decoding=\"async\" loading=\"lazy\" width=\"1024\" height=\"771\" src=\"https:\/\/xadrezasburgas.net\/wp-content\/uploads\/2023\/06\/0e1da067-78e6-4cc9-89aa-b38371b1619f-1-1024x771.jpg\" alt=\"\" data-id=\"1200\" data-full-url=\"https:\/\/xadrezasburgas.net\/wp-content\/uploads\/2023\/06\/0e1da067-78e6-4cc9-89aa-b38371b1619f-1.jpg\" data-link=\"https:\/\/xadrezasburgas.net\/index.php\/torneo-de-xadrez-activo-pontinas-lalin-17-de-xuno\/0e1da067-78e6-4cc9-89aa-b38371b1619f-1\/\" class=\"wp-image-1200\" srcset=\"https:\/\/xadrezasburgas.net\/wp-content\/uploads\/2023\/06\/0e1da067-78e6-4cc9-89aa-b38371b1619f-1-1024x771.jpg 1024w, https:\/\/xadrezasburgas.net\/wp-content\/uploads\/2023\/06\/0e1da067-78e6-4cc9-89aa-b38371b1619f-1-300x226.jpg 300w, https:\/\/xadrezasburgas.net\/wp-content\/uploads\/2023\/06\/0e1da067-78e6-4cc9-89aa-b38371b1619f-1-768x578.jpg 768w, https:\/\/xadrezasburgas.net\/wp-content\/uploads\/2023\/06\/0e1da067-78e6-4cc9-89aa-b38371b1619f-1-1536x1157.jpg 1536w, https:\/\/xadrezasburgas.net\/wp-content\/uploads\/2023\/06\/0e1da067-78e6-4cc9-89aa-b38371b1619f-1.jpg 2040w\" sizes=\"(max-width: 1024px) 100vw, 1024px\" \/><\/figure><\/li><li class=\"blocks-gallery-item\"><figure><img decoding=\"async\" loading=\"lazy\" width=\"1024\" height=\"771\" src=\"https:\/\/xadrezasburgas.net\/wp-content\/uploads\/2023\/06\/0eb0350c-0bb4-4be1-ad2c-d4a45293468c-1-1024x771.jpg\" alt=\"\" data-id=\"1201\" data-full-url=\"https:\/\/xadrezasburgas.net\/wp-content\/uploads\/2023\/06\/0eb0350c-0bb4-4be1-ad2c-d4a45293468c-1.jpg\" data-link=\"https:\/\/xadrezasburgas.net\/index.php\/torneo-de-xadrez-activo-pontinas-lalin-17-de-xuno\/0eb0350c-0bb4-4be1-ad2c-d4a45293468c-1\/\" class=\"wp-image-1201\" srcset=\"https:\/\/xadrezasburgas.net\/wp-content\/uploads\/2023\/06\/0eb0350c-0bb4-4be1-ad2c-d4a45293468c-1-1024x771.jpg 1024w, https:\/\/xadrezasburgas.net\/wp-content\/uploads\/2023\/06\/0eb0350c-0bb4-4be1-ad2c-d4a45293468c-1-300x226.jpg 300w, https:\/\/xadrezasburgas.net\/wp-content\/uploads\/2023\/06\/0eb0350c-0bb4-4be1-ad2c-d4a45293468c-1-768x578.jpg 768w, https:\/\/xadrezasburgas.net\/wp-content\/uploads\/2023\/06\/0eb0350c-0bb4-4be1-ad2c-d4a45293468c-1-1536x1157.jpg 1536w, https:\/\/xadrezasburgas.net\/wp-content\/uploads\/2023\/06\/0eb0350c-0bb4-4be1-ad2c-d4a45293468c-1.jpg 2040w\" sizes=\"(max-width: 1024px) 100vw, 1024px\" \/><\/figure><\/li><li class=\"blocks-gallery-item\"><figure><img decoding=\"async\" loading=\"lazy\" width=\"1024\" height=\"771\" src=\"https:\/\/xadrezasburgas.net\/wp-content\/uploads\/2023\/06\/6afe088c-1887-4129-975b-53fc0e218acb-1-1024x771.jpg\" alt=\"\" data-id=\"1202\" data-full-url=\"https:\/\/xadrezasburgas.net\/wp-content\/uploads\/2023\/06\/6afe088c-1887-4129-975b-53fc0e218acb-1.jpg\" data-link=\"https:\/\/xadrezasburgas.net\/index.php\/torneo-de-xadrez-activo-pontinas-lalin-17-de-xuno\/6afe088c-1887-4129-975b-53fc0e218acb-1\/\" class=\"wp-image-1202\" srcset=\"https:\/\/xadrezasburgas.net\/wp-content\/uploads\/2023\/06\/6afe088c-1887-4129-975b-53fc0e218acb-1-1024x771.jpg 1024w, https:\/\/xadrezasburgas.net\/wp-content\/uploads\/2023\/06\/6afe088c-1887-4129-975b-53fc0e218acb-1-300x226.jpg 300w, https:\/\/xadrezasburgas.net\/wp-content\/uploads\/2023\/06\/6afe088c-1887-4129-975b-53fc0e218acb-1-768x578.jpg 768w, https:\/\/xadrezasburgas.net\/wp-content\/uploads\/2023\/06\/6afe088c-1887-4129-975b-53fc0e218acb-1-1536x1157.jpg 1536w, https:\/\/xadrezasburgas.net\/wp-content\/uploads\/2023\/06\/6afe088c-1887-4129-975b-53fc0e218acb-1.jpg 2040w\" sizes=\"(max-width: 1024px) 100vw, 1024px\" \/><\/figure><\/li><li class=\"blocks-gallery-item\"><figure><img decoding=\"async\" loading=\"lazy\" width=\"1024\" height=\"771\" src=\"https:\/\/xadrezasburgas.net\/wp-content\/uploads\/2023\/06\/7a0ad3ce-ecaf-4fad-8312-cfa72a2c504a-1-1024x771.jpg\" alt=\"\" data-id=\"1203\" data-full-url=\"https:\/\/xadrezasburgas.net\/wp-content\/uploads\/2023\/06\/7a0ad3ce-ecaf-4fad-8312-cfa72a2c504a-1.jpg\" data-link=\"https:\/\/xadrezasburgas.net\/index.php\/torneo-de-xadrez-activo-pontinas-lalin-17-de-xuno\/7a0ad3ce-ecaf-4fad-8312-cfa72a2c504a-1\/\" class=\"wp-image-1203\" srcset=\"https:\/\/xadrezasburgas.net\/wp-content\/uploads\/2023\/06\/7a0ad3ce-ecaf-4fad-8312-cfa72a2c504a-1-1024x771.jpg 1024w, https:\/\/xadrezasburgas.net\/wp-content\/uploads\/2023\/06\/7a0ad3ce-ecaf-4fad-8312-cfa72a2c504a-1-300x226.jpg 300w, https:\/\/xadrezasburgas.net\/wp-content\/uploads\/2023\/06\/7a0ad3ce-ecaf-4fad-8312-cfa72a2c504a-1-768x578.jpg 768w, https:\/\/xadrezasburgas.net\/wp-content\/uploads\/2023\/06\/7a0ad3ce-ecaf-4fad-8312-cfa72a2c504a-1-1536x1157.jpg 1536w, https:\/\/xadrezasburgas.net\/wp-content\/uploads\/2023\/06\/7a0ad3ce-ecaf-4fad-8312-cfa72a2c504a-1.jpg 2040w\" sizes=\"(max-width: 1024px) 100vw, 1024px\" \/><\/figure><\/li><li class=\"blocks-gallery-item\"><figure><img decoding=\"async\" loading=\"lazy\" width=\"1024\" height=\"771\" src=\"https:\/\/xadrezasburgas.net\/wp-content\/uploads\/2023\/06\/02829b56-2783-4ade-a561-1646d7889d7a-1-1024x771.jpg\" alt=\"\" data-id=\"1204\" data-full-url=\"https:\/\/xadrezasburgas.net\/wp-content\/uploads\/2023\/06\/02829b56-2783-4ade-a561-1646d7889d7a-1.jpg\" data-link=\"https:\/\/xadrezasburgas.net\/index.php\/torneo-de-xadrez-activo-pontinas-lalin-17-de-xuno\/02829b56-2783-4ade-a561-1646d7889d7a-1\/\" class=\"wp-image-1204\" srcset=\"https:\/\/xadrezasburgas.net\/wp-content\/uploads\/2023\/06\/02829b56-2783-4ade-a561-1646d7889d7a-1-1024x771.jpg 1024w, https:\/\/xadrezasburgas.net\/wp-content\/uploads\/2023\/06\/02829b56-2783-4ade-a561-1646d7889d7a-1-300x226.jpg 300w, https:\/\/xadrezasburgas.net\/wp-content\/uploads\/2023\/06\/02829b56-2783-4ade-a561-1646d7889d7a-1-768x578.jpg 768w, https:\/\/xadrezasburgas.net\/wp-content\/uploads\/2023\/06\/02829b56-2783-4ade-a561-1646d7889d7a-1-1536x1157.jpg 1536w, https:\/\/xadrezasburgas.net\/wp-content\/uploads\/2023\/06\/02829b56-2783-4ade-a561-1646d7889d7a-1.jpg 2040w\" sizes=\"(max-width: 1024px) 100vw, 1024px\" \/><\/figure><\/li><li class=\"blocks-gallery-item\"><figure><img decoding=\"async\" loading=\"lazy\" width=\"1024\" height=\"771\" src=\"https:\/\/xadrezasburgas.net\/wp-content\/uploads\/2023\/06\/b819433e-d784-4d01-9bc2-fcb0c74b5eae-1-1024x771.jpg\" alt=\"\" data-id=\"1206\" data-full-url=\"https:\/\/xadrezasburgas.net\/wp-content\/uploads\/2023\/06\/b819433e-d784-4d01-9bc2-fcb0c74b5eae-1.jpg\" data-link=\"https:\/\/xadrezasburgas.net\/index.php\/torneo-de-xadrez-activo-pontinas-lalin-17-de-xuno\/b819433e-d784-4d01-9bc2-fcb0c74b5eae-1\/\" class=\"wp-image-1206\" srcset=\"https:\/\/xadrezasburgas.net\/wp-content\/uploads\/2023\/06\/b819433e-d784-4d01-9bc2-fcb0c74b5eae-1-1024x771.jpg 1024w, https:\/\/xadrezasburgas.net\/wp-content\/uploads\/2023\/06\/b819433e-d784-4d01-9bc2-fcb0c74b5eae-1-300x226.jpg 300w, https:\/\/xadrezasburgas.net\/wp-content\/uploads\/2023\/06\/b819433e-d784-4d01-9bc2-fcb0c74b5eae-1-768x578.jpg 768w, https:\/\/xadrezasburgas.net\/wp-content\/uploads\/2023\/06\/b819433e-d784-4d01-9bc2-fcb0c74b5eae-1-1536x1157.jpg 1536w, https:\/\/xadrezasburgas.net\/wp-content\/uploads\/2023\/06\/b819433e-d784-4d01-9bc2-fcb0c74b5eae-1.jpg 2040w\" sizes=\"(max-width: 1024px) 100vw, 1024px\" \/><\/figure><\/li><li class=\"blocks-gallery-item\"><figure><img decoding=\"async\" loading=\"lazy\" width=\"1024\" height=\"771\" src=\"https:\/\/xadrezasburgas.net\/wp-content\/uploads\/2023\/06\/b1590527-486b-4213-a4fa-2af165081c19-1-1024x771.jpg\" alt=\"\" data-id=\"1207\" data-full-url=\"https:\/\/xadrezasburgas.net\/wp-content\/uploads\/2023\/06\/b1590527-486b-4213-a4fa-2af165081c19-1.jpg\" data-link=\"https:\/\/xadrezasburgas.net\/index.php\/torneo-de-xadrez-activo-pontinas-lalin-17-de-xuno\/b1590527-486b-4213-a4fa-2af165081c19-1\/\" class=\"wp-image-1207\" srcset=\"https:\/\/xadrezasburgas.net\/wp-content\/uploads\/2023\/06\/b1590527-486b-4213-a4fa-2af165081c19-1-1024x771.jpg 1024w, https:\/\/xadrezasburgas.net\/wp-content\/uploads\/2023\/06\/b1590527-486b-4213-a4fa-2af165081c19-1-300x226.jpg 300w, https:\/\/xadrezasburgas.net\/wp-content\/uploads\/2023\/06\/b1590527-486b-4213-a4fa-2af165081c19-1-768x578.jpg 768w, https:\/\/xadrezasburgas.net\/wp-content\/uploads\/2023\/06\/b1590527-486b-4213-a4fa-2af165081c19-1-1536x1157.jpg 1536w, https:\/\/xadrezasburgas.net\/wp-content\/uploads\/2023\/06\/b1590527-486b-4213-a4fa-2af165081c19-1.jpg 2040w\" sizes=\"(max-width: 1024px) 100vw, 1024px\" \/><\/figure><\/li><\/ul><\/figure>\n\n\n\n<figure class=\"wp-block-embed is-type-video is-provider-youtube wp-block-embed-youtube wp-embed-aspect-16-9 wp-has-aspect-ratio\"><div class=\"wp-block-embed__wrapper\">\n<iframe loading=\"lazy\" title=\"Video Pontinas 2023 1\" width=\"1024\" height=\"576\" src=\"https:\/\/www.youtube.com\/embed\/J8K91gJXv5w?feature=oembed\" frameborder=\"0\" allow=\"accelerometer; autoplay; clipboard-write; encrypted-media; gyroscope; picture-in-picture; web-share\" allowfullscreen><\/iframe>\n<\/div><\/figure>\n","protected":false},"excerpt":{"rendered":"<p>S\u00e1bado 17 de junio, a partir de las 16 h. &#8230; en el Centro Comercial Ponti\u00f1as Gana el Jugador del Universitario de Ourense, Rodrigo Arias, el m\u00e1s joven de los absolutos, seguido de Jairo Villar del Celanova y de Rafael S\u00e1nchez de Leon del Ateneo, quien se lleva el Trofeo de Veteranos.<\/p>\n","protected":false},"author":1,"featured_media":0,"parent":0,"menu_order":0,"comment_status":"closed","ping_status":"closed","template":"","meta":{"footnotes":""},"_links":{"self":[{"href":"https:\/\/xadrezasburgas.net\/index.php\/wp-json\/wp\/v2\/pages\/1134"}],"collection":[{"href":"https:\/\/xadrezasburgas.net\/index.php\/wp-json\/wp\/v2\/pages"}],"about":[{"href":"https:\/\/xadrezasburgas.net\/index.php\/wp-json\/wp\/v2\/types\/page"}],"author":[{"embeddable":true,"href":"https:\/\/xadrezasburgas.net\/index.php\/wp-json\/wp\/v2\/users\/1"}],"replies":[{"embeddable":true,"href":"https:\/\/xadrezasburgas.net\/index.php\/wp-json\/wp\/v2\/comments?post=1134"}],"version-history":[{"count":6,"href":"https:\/\/xadrezasburgas.net\/index.php\/wp-json\/wp\/v2\/pages\/1134\/revisions"}],"predecessor-version":[{"id":1219,"href":"https:\/\/xadrezasburgas.net\/index.php\/wp-json\/wp\/v2\/pages\/1134\/revisions\/1219"}],"wp:attachment":[{"href":"https:\/\/xadrezasburgas.net\/index.php\/wp-json\/wp\/v2\/media?parent=1134"}],"curies":[{"name":"wp","href":"https:\/\/api.w.org\/{rel}","templated":true}]}}