{"id":1112,"date":"2023-06-04T21:28:22","date_gmt":"2023-06-04T21:28:22","guid":{"rendered":"https:\/\/xadrezasburgas.net\/?page_id=1112"},"modified":"2023-06-04T21:29:46","modified_gmt":"2023-06-04T21:29:46","slug":"copa-galicia-2023","status":"publish","type":"page","link":"https:\/\/xadrezasburgas.net\/index.php\/copa-galicia-2023\/","title":{"rendered":"Copa Galicia 2023"},"content":{"rendered":"\n<p>Domingo 28 de mayo<\/p>\n\n\n\n<p>El equipo absoluto se desplaz\u00f3 por primera vez a particpar en esta competici\u00f3n auton\u00f3mica y partiendo del puesto 29 en el rancking inicial, acaba 23 de un total de 31:<\/p>\n\n\n\n<p><a href=\"https:\/\/info64.org\/team\/copa-xunta-de-galicia-de-clubs-categoria-absoluta-2023\/standings\">https:\/\/info64.org\/team\/copa-xunta-de-galicia-de-clubs-categoria-absoluta-2023\/standings<\/a><\/p>\n\n\n\n<p>Enhorabuena a los componentes del club:<\/p>\n\n\n\n<p>Manuel Angel Garcia, 1,5<\/p>\n\n\n\n<p>Johan Martinez, 3,5<\/p>\n\n\n\n<p>Lazaro Galguera, 3<\/p>\n\n\n\n<p>Lixander Gomez, 2<\/p>\n\n\n\n<p>Samuel Abreu, 1,5<\/p>\n\n\n\n<p>Anxo Garcia, 2<\/p>\n\n\n\n<figure class=\"wp-block-gallery columns-3 is-cropped wp-block-gallery-1 is-layout-flex wp-block-gallery-is-layout-flex\"><ul class=\"blocks-gallery-grid\"><li class=\"blocks-gallery-item\"><figure><img decoding=\"async\" loading=\"lazy\" width=\"1024\" height=\"771\" src=\"https:\/\/xadrezasburgas.net\/wp-content\/uploads\/2023\/06\/Coap-Galicia-1024x771.jpeg\" alt=\"\" data-id=\"1113\" data-full-url=\"https:\/\/xadrezasburgas.net\/wp-content\/uploads\/2023\/06\/Coap-Galicia.jpeg\" data-link=\"https:\/\/xadrezasburgas.net\/?attachment_id=1113\" class=\"wp-image-1113\" srcset=\"https:\/\/xadrezasburgas.net\/wp-content\/uploads\/2023\/06\/Coap-Galicia-1024x771.jpeg 1024w, https:\/\/xadrezasburgas.net\/wp-content\/uploads\/2023\/06\/Coap-Galicia-300x226.jpeg 300w, https:\/\/xadrezasburgas.net\/wp-content\/uploads\/2023\/06\/Coap-Galicia-768x578.jpeg 768w, https:\/\/xadrezasburgas.net\/wp-content\/uploads\/2023\/06\/Coap-Galicia-1536x1156.jpeg 1536w, https:\/\/xadrezasburgas.net\/wp-content\/uploads\/2023\/06\/Coap-Galicia.jpeg 1600w\" sizes=\"(max-width: 1024px) 100vw, 1024px\" \/><\/figure><\/li><li class=\"blocks-gallery-item\"><figure><img decoding=\"async\" loading=\"lazy\" width=\"771\" height=\"1024\" src=\"https:\/\/xadrezasburgas.net\/wp-content\/uploads\/2023\/06\/Copa-Galicia-Cartel-771x1024.jpeg\" alt=\"\" data-id=\"1115\" data-full-url=\"https:\/\/xadrezasburgas.net\/wp-content\/uploads\/2023\/06\/Copa-Galicia-Cartel.jpeg\" data-link=\"https:\/\/xadrezasburgas.net\/?attachment_id=1115\" class=\"wp-image-1115\" srcset=\"https:\/\/xadrezasburgas.net\/wp-content\/uploads\/2023\/06\/Copa-Galicia-Cartel-771x1024.jpeg 771w, https:\/\/xadrezasburgas.net\/wp-content\/uploads\/2023\/06\/Copa-Galicia-Cartel-226x300.jpeg 226w, https:\/\/xadrezasburgas.net\/wp-content\/uploads\/2023\/06\/Copa-Galicia-Cartel-768x1021.jpeg 768w, https:\/\/xadrezasburgas.net\/wp-content\/uploads\/2023\/06\/Copa-Galicia-Cartel-1156x1536.jpeg 1156w, https:\/\/xadrezasburgas.net\/wp-content\/uploads\/2023\/06\/Copa-Galicia-Cartel.jpeg 1204w\" sizes=\"(max-width: 771px) 100vw, 771px\" \/><\/figure><\/li><li class=\"blocks-gallery-item\"><figure><img decoding=\"async\" loading=\"lazy\" width=\"771\" height=\"1024\" src=\"https:\/\/xadrezasburgas.net\/wp-content\/uploads\/2023\/06\/Copa-Galicia-2-771x1024.jpeg\" alt=\"\" data-id=\"1114\" data-full-url=\"https:\/\/xadrezasburgas.net\/wp-content\/uploads\/2023\/06\/Copa-Galicia-2.jpeg\" data-link=\"https:\/\/xadrezasburgas.net\/?attachment_id=1114\" class=\"wp-image-1114\" srcset=\"https:\/\/xadrezasburgas.net\/wp-content\/uploads\/2023\/06\/Copa-Galicia-2-771x1024.jpeg 771w, https:\/\/xadrezasburgas.net\/wp-content\/uploads\/2023\/06\/Copa-Galicia-2-226x300.jpeg 226w, https:\/\/xadrezasburgas.net\/wp-content\/uploads\/2023\/06\/Copa-Galicia-2-768x1021.jpeg 768w, https:\/\/xadrezasburgas.net\/wp-content\/uploads\/2023\/06\/Copa-Galicia-2-1156x1536.jpeg 1156w, https:\/\/xadrezasburgas.net\/wp-content\/uploads\/2023\/06\/Copa-Galicia-2.jpeg 1204w\" sizes=\"(max-width: 771px) 100vw, 771px\" \/><\/figure><\/li><\/ul><\/figure>\n","protected":false},"excerpt":{"rendered":"<p>Domingo 28 de mayo El equipo absoluto se desplaz\u00f3 por primera vez a particpar en esta competici\u00f3n auton\u00f3mica y partiendo del puesto 29 en el rancking inicial, acaba 23 de un total de 31: https:\/\/info64.org\/team\/copa-xunta-de-galicia-de-clubs-categoria-absoluta-2023\/standings Enhorabuena a los componentes del club: Manuel Angel Garcia, 1,5 Johan Martinez, 3,5 Lazaro Galguera, 3 Lixander Gomez, 2 Samuel [&hellip;]<\/p>\n","protected":false},"author":1,"featured_media":0,"parent":0,"menu_order":0,"comment_status":"closed","ping_status":"closed","template":"","meta":{"footnotes":""},"_links":{"self":[{"href":"https:\/\/xadrezasburgas.net\/index.php\/wp-json\/wp\/v2\/pages\/1112"}],"collection":[{"href":"https:\/\/xadrezasburgas.net\/index.php\/wp-json\/wp\/v2\/pages"}],"about":[{"href":"https:\/\/xadrezasburgas.net\/index.php\/wp-json\/wp\/v2\/types\/page"}],"author":[{"embeddable":true,"href":"https:\/\/xadrezasburgas.net\/index.php\/wp-json\/wp\/v2\/users\/1"}],"replies":[{"embeddable":true,"href":"https:\/\/xadrezasburgas.net\/index.php\/wp-json\/wp\/v2\/comments?post=1112"}],"version-history":[{"count":2,"href":"https:\/\/xadrezasburgas.net\/index.php\/wp-json\/wp\/v2\/pages\/1112\/revisions"}],"predecessor-version":[{"id":1119,"href":"https:\/\/xadrezasburgas.net\/index.php\/wp-json\/wp\/v2\/pages\/1112\/revisions\/1119"}],"wp:attachment":[{"href":"https:\/\/xadrezasburgas.net\/index.php\/wp-json\/wp\/v2\/media?parent=1112"}],"curies":[{"name":"wp","href":"https:\/\/api.w.org\/{rel}","templated":true}]}}

<p>Domingo 28 de mayo</p>



<p>El equipo absoluto se desplazó por primera vez a particpar en esta competición autonómica y partiendo del puesto 29 en el rancking inicial, acaba 23 de un total de 31:</p>



<p><a href="https://info64.org/team/copa-xunta-de-galicia-de-clubs-categoria-absoluta-2023/standings">https://info64.org/team/copa-xunta-de-galicia-de-clubs-categoria-absoluta-2023/standings</a></p>



<p>Enhorabuena a los componentes del club:</p>



<p>Manuel Angel Garcia, 1,5</p>



<p>Johan Martinez, 3,5</p>



<p>Lazaro Galguera, 3</p>



<p>Lixander Gomez, 2</p>



<p>Samuel Abreu, 1,5</p>



<p>Anxo Garcia, 2</p>



<figure class="wp-block-gallery columns-3 is-cropped wp-block-gallery-1 is-layout-flex wp-block-gallery-is-layout-flex"><ul class="blocks-gallery-grid"><li class="blocks-gallery-item"><figure><img decoding="async" loading="lazy" width="1024" height="771" src="https://xadrezasburgas.net/wp-content/uploads/2023/06/Coap-Galicia-1024x771.jpeg" alt="" data-id="1113" data-full-url="https://xadrezasburgas.net/wp-content/uploads/2023/06/Coap-Galicia.jpeg" data-link="https://xadrezasburgas.net/?attachment_id=1113" class="wp-image-1113" srcset="https://xadrezasburgas.net/wp-content/uploads/2023/06/Coap-Galicia-1024x771.jpeg 1024w, https://xadrezasburgas.net/wp-content/uploads/2023/06/Coap-Galicia-300x226.jpeg 300w, https://xadrezasburgas.net/wp-content/uploads/2023/06/Coap-Galicia-768x578.jpeg 768w, https://xadrezasburgas.net/wp-content/uploads/2023/06/Coap-Galicia-1536x1156.jpeg 1536w, https://xadrezasburgas.net/wp-content/uploads/2023/06/Coap-Galicia.jpeg 1600w" sizes="(max-width: 1024px) 100vw, 1024px" /></figure></li><li class="blocks-gallery-item"><figure><img decoding="async" loading="lazy" width="771" height="1024" src="https://xadrezasburgas.net/wp-content/uploads/2023/06/Copa-Galicia-Cartel-771x1024.jpeg" alt="" data-id="1115" data-full-url="https://xadrezasburgas.net/wp-content/uploads/2023/06/Copa-Galicia-Cartel.jpeg" data-link="https://xadrezasburgas.net/?attachment_id=1115" class="wp-image-1115" srcset="https://xadrezasburgas.net/wp-content/uploads/2023/06/Copa-Galicia-Cartel-771x1024.jpeg 771w, https://xadrezasburgas.net/wp-content/uploads/2023/06/Copa-Galicia-Cartel-226x300.jpeg 226w, https://xadrezasburgas.net/wp-content/uploads/2023/06/Copa-Galicia-Cartel-768x1021.jpeg 768w, https://xadrezasburgas.net/wp-content/uploads/2023/06/Copa-Galicia-Cartel-1156x1536.jpeg 1156w, https://xadrezasburgas.net/wp-content/uploads/2023/06/Copa-Galicia-Cartel.jpeg 1204w" sizes="(max-width: 771px) 100vw, 771px" /></figure></li><li class="blocks-gallery-item"><figure><img decoding="async" loading="lazy" width="771" height="1024" src="https://xadrezasburgas.net/wp-content/uploads/2023/06/Copa-Galicia-2-771x1024.jpeg" alt="" data-id="1114" data-full-url="https://xadrezasburgas.net/wp-content/uploads/2023/06/Copa-Galicia-2.jpeg" data-link="https://xadrezasburgas.net/?attachment_id=1114" class="wp-image-1114" srcset="https://xadrezasburgas.net/wp-content/uploads/2023/06/Copa-Galicia-2-771x1024.jpeg 771w, https://xadrezasburgas.net/wp-content/uploads/2023/06/Copa-Galicia-2-226x300.jpeg 226w, https://xadrezasburgas.net/wp-content/uploads/2023/06/Copa-Galicia-2-768x1021.jpeg 768w, https://xadrezasburgas.net/wp-content/uploads/2023/06/Copa-Galicia-2-1156x1536.jpeg 1156w, https://xadrezasburgas.net/wp-content/uploads/2023/06/Copa-Galicia-2.jpeg 1204w" sizes="(max-width: 771px) 100vw, 771px" /></figure></li></ul></figure>

<p>Domingo 28 de mayo El equipo absoluto se desplazó por primera vez a particpar en esta competición autonómica y partiendo del puesto 29 en el rancking inicial, acaba 23 de un total de 31: https://info64.org/team/copa-xunta-de-galicia-de-clubs-categoria-absoluta-2023/standings Enhorabuena a los componentes del club: Manuel Angel Garcia, 1,5 Johan Martinez, 3,5 Lazaro Galguera, 3 Lixander Gomez, 2 Samuel [&hellip;]</p>
