{"id":108,"date":"2021-09-06T21:44:08","date_gmt":"2021-09-06T21:44:08","guid":{"rendered":"https:\/\/xadrezasburgas.net\/?page_id=108"},"modified":"2024-07-01T23:11:58","modified_gmt":"2024-07-01T23:11:58","slug":"prezos","status":"publish","type":"page","link":"https:\/\/xadrezasburgas.net\/index.php\/prezos\/","title":{"rendered":"Prezos"},"content":{"rendered":"\n<p class=\"has-black-color has-text-color has-large-font-size\"><strong>Os nosos prezos van en funci\u00f3n do nivel.<\/strong><\/p>\n\n\n\n<p class=\"has-black-color has-text-color has-large-font-size\"><strong>NENOS\/AS e mais MAIORES (de 6 a 18 anos)<\/strong><\/p>\n\n\n\n<p class=\"has-black-color has-text-color has-large-font-size\"><strong>Luns, martes, m\u00e9rcores, xoves, venres a partir das 16 h e s\u00e1bados a partir das 10 h 30.<\/strong><\/p>\n\n\n\n<p class=\"has-large-font-size\"><strong>Tarifa xeral:<\/strong><\/p>\n\n\n\n<p>Matr\u00edcula : 10 euros anual<\/p>\n\n\n\n<p class=\"has-black-color has-text-color has-large-font-size\"><strong>20 E iniciaci\u00f3n<\/strong> ata os 11 anos \/ 1 vez por semana &#8211; 35 E \/2 veces<\/p>\n\n\n\n<p class=\"has-black-color has-text-color has-large-font-size\"><strong> <\/strong>25 E en adultos ou perfeccionamento  42,50 \/ 2 veces; clases de 1 h 30.<\/p>\n\n\n\n<p class=\"has-black-color has-text-color has-large-font-size\"><strong>Os grupos \u00e1brense partir das 16 h e a partir de 4 alumnos.<\/strong><\/p>\n\n\n\n<p class=\"has-black-color has-text-color has-large-font-size\"><strong>S\u00e1bados a partir das 10 h 30\u2026.<\/strong><\/p>\n\n\n\n<p class=\"has-black-color has-text-color has-large-font-size\"><strong><em>Para clases m\u00e1is personalizadas,empresas, grupos de maiores, cons\u00faltenos<\/em><\/strong><\/p>\n\n\n\n<p class=\"has-text-align-right\">Actualizado a 09 de septembro de 2024<\/p>\n","protected":false},"excerpt":{"rendered":"<p>Os nosos prezos van en funci\u00f3n do nivel. NENOS\/AS e mais MAIORES (de 6 a 18 anos) Luns, martes, m\u00e9rcores, xoves, venres a partir das 16 h e s\u00e1bados a partir das 10 h 30. Tarifa xeral: Matr\u00edcula : 10 euros anual 20 E iniciaci\u00f3n ata os 11 anos \/ 1 vez por semana &#8211; [&hellip;]<\/p>\n","protected":false},"author":1,"featured_media":0,"parent":0,"menu_order":0,"comment_status":"closed","ping_status":"closed","template":"","meta":{"footnotes":""},"_links":{"self":[{"href":"https:\/\/xadrezasburgas.net\/index.php\/wp-json\/wp\/v2\/pages\/108"}],"collection":[{"href":"https:\/\/xadrezasburgas.net\/index.php\/wp-json\/wp\/v2\/pages"}],"about":[{"href":"https:\/\/xadrezasburgas.net\/index.php\/wp-json\/wp\/v2\/types\/page"}],"author":[{"embeddable":true,"href":"https:\/\/xadrezasburgas.net\/index.php\/wp-json\/wp\/v2\/users\/1"}],"replies":[{"embeddable":true,"href":"https:\/\/xadrezasburgas.net\/index.php\/wp-json\/wp\/v2\/comments?post=108"}],"version-history":[{"count":8,"href":"https:\/\/xadrezasburgas.net\/index.php\/wp-json\/wp\/v2\/pages\/108\/revisions"}],"predecessor-version":[{"id":1870,"href":"https:\/\/xadrezasburgas.net\/index.php\/wp-json\/wp\/v2\/pages\/108\/revisions\/1870"}],"wp:attachment":[{"href":"https:\/\/xadrezasburgas.net\/index.php\/wp-json\/wp\/v2\/media?parent=108"}],"curies":[{"name":"wp","href":"https:\/\/api.w.org\/{rel}","templated":true}]}}