{"id":104,"date":"2021-09-06T21:41:34","date_gmt":"2021-09-06T21:41:34","guid":{"rendered":"https:\/\/xadrezasburgas.net\/?page_id=104"},"modified":"2024-07-11T00:04:27","modified_gmt":"2024-07-11T00:04:27","slug":"horarios","status":"publish","type":"page","link":"https:\/\/xadrezasburgas.net\/index.php\/horarios\/","title":{"rendered":"O noso equipo de formadores"},"content":{"rendered":"\n<p>Manuel Angel Garcia Fernandez (coordinador e director da escola)<\/p>\n\n\n\n<div class=\"wp-block-file\"><a id=\"wp-block-file--media-2da6de06-5b29-4a3b-8bd0-ebf0801589db\" href=\"https:\/\/xadrezasburgas.net\/wp-content\/uploads\/2024\/07\/FIde-Instructor.pdf\">FIde-Instructor<\/a><a href=\"https:\/\/xadrezasburgas.net\/wp-content\/uploads\/2024\/07\/FIde-Instructor.pdf\" class=\"wp-block-file__button wp-element-button\" download aria-describedby=\"wp-block-file--media-2da6de06-5b29-4a3b-8bd0-ebf0801589db\">Descarga<\/a><\/div>\n\n\n\n<p>Keylin Becerra Licor (licenciada en educacion fisica, especialidad Xadrez)<\/p>\n\n\n\n<div class=\"wp-block-file\"><a id=\"wp-block-file--media-94bb691d-e914-411e-a25a-2744c5edefb3\" href=\"https:\/\/xadrezasburgas.net\/wp-content\/uploads\/2024\/07\/Licenciada-Keylin.pdf\">Licenciada-Keylin<\/a><a href=\"https:\/\/xadrezasburgas.net\/wp-content\/uploads\/2024\/07\/Licenciada-Keylin.pdf\" class=\"wp-block-file__button wp-element-button\" download aria-describedby=\"wp-block-file--media-94bb691d-e914-411e-a25a-2744c5edefb3\">Descarga<\/a><\/div>\n\n\n\n<p>Anxo Garcia Arcos (monitor de tempo libre, monitor auton\u00f3mico de Xadrez)<\/p>\n\n\n\n<div class=\"wp-block-file\"><a id=\"wp-block-file--media-1e5bd4b6-1b99-461b-abcf-1cb7e01467dc\" href=\"https:\/\/xadrezasburgas.net\/wp-content\/uploads\/2024\/07\/Garcia-Arcos-Anxo-Monitor.pdf\">Garcia-Arcos-Anxo-Monitor<\/a><a href=\"https:\/\/xadrezasburgas.net\/wp-content\/uploads\/2024\/07\/Garcia-Arcos-Anxo-Monitor.pdf\" class=\"wp-block-file__button wp-element-button\" download aria-describedby=\"wp-block-file--media-1e5bd4b6-1b99-461b-abcf-1cb7e01467dc\">Descarga<\/a><\/div>\n\n\n\n<p>L\u00e1zaro Galguera Reyes (Maestro  Nacioanal)<\/p>\n\n\n\n<div class=\"wp-block-file\"><a id=\"wp-block-file--media-3f92095e-c02f-4d23-8386-04251d9d91d4\" href=\"https:\/\/xadrezasburgas.net\/wp-content\/uploads\/2024\/07\/MaestroNacional-Cubano.pdf\">MaestroNacionnalal-Cubano<\/a><a href=\"https:\/\/xadrezasburgas.net\/wp-content\/uploads\/2024\/07\/MaestroNacional-Cubano.pdf\" class=\"wp-block-file__button wp-element-button\" download aria-describedby=\"wp-block-file--media-3f92095e-c02f-4d23-8386-04251d9d91d4\">Descarga<\/a><\/div>\n\n\n\n<p class=\"has-medium-font-size\"><strong>Calquera d\u00fabida, consulta ao email!!<\/strong><\/p>\n\n\n\n<p class=\"has-medium-font-size\"><strong>Contacta con n\u00f3s ao 609 70 91 84<\/strong><\/p>\n\n\n\n<p class=\"has-text-align-right has-medium-font-size\"><strong>(actualizado a 09 de septembro de 2024)<\/strong><\/p>\n","protected":false},"excerpt":{"rendered":"<p>Manuel Angel Garcia Fernandez (coordinador e director da escola) Keylin Becerra Licor (licenciada en educacion fisica, especialidad Xadrez) Anxo Garcia Arcos (monitor de tempo libre, monitor auton\u00f3mico de Xadrez) L\u00e1zaro Galguera Reyes (Maestro Nacioanal) Calquera d\u00fabida, consulta ao email!! Contacta con n\u00f3s ao 609 70 91 84 (actualizado a 09 de septembro de 2024)<\/p>\n","protected":false},"author":1,"featured_media":0,"parent":0,"menu_order":0,"comment_status":"closed","ping_status":"closed","template":"","meta":{"footnotes":""},"_links":{"self":[{"href":"https:\/\/xadrezasburgas.net\/index.php\/wp-json\/wp\/v2\/pages\/104"}],"collection":[{"href":"https:\/\/xadrezasburgas.net\/index.php\/wp-json\/wp\/v2\/pages"}],"about":[{"href":"https:\/\/xadrezasburgas.net\/index.php\/wp-json\/wp\/v2\/types\/page"}],"author":[{"embeddable":true,"href":"https:\/\/xadrezasburgas.net\/index.php\/wp-json\/wp\/v2\/users\/1"}],"replies":[{"embeddable":true,"href":"https:\/\/xadrezasburgas.net\/index.php\/wp-json\/wp\/v2\/comments?post=104"}],"version-history":[{"count":13,"href":"https:\/\/xadrezasburgas.net\/index.php\/wp-json\/wp\/v2\/pages\/104\/revisions"}],"predecessor-version":[{"id":1934,"href":"https:\/\/xadrezasburgas.net\/index.php\/wp-json\/wp\/v2\/pages\/104\/revisions\/1934"}],"wp:attachment":[{"href":"https:\/\/xadrezasburgas.net\/index.php\/wp-json\/wp\/v2\/media?parent=104"}],"curies":[{"name":"wp","href":"https:\/\/api.w.org\/{rel}","templated":true}]}}